
What is the units digit of 32047918?
8
What is the millions digit of 316160846?
6
What is the thousands digit of 16891153?
1
What is the hundreds digit of 9045363?
3
What is the units digit of 2087887?
7
What is the ten thousands digit of 249275348?
7
What is the tens digit of 76915552?
5
What is the ten thousands digit of 57921517?
2
What is the ten thousands digit of 53459975?
5
What is the tens digit of 4984942?
4
What is the ten thousands digit of 58159308?
5
What is the ten millions digit of 88204379?
8
What is the tens digit of 107633950?
5
What is the ten thousands digit of 603746459?
4
What is the thousands digit of 317834264?
4
What is the millions digit of 29821875?
9
What is the hundred millions digit of 1385943901?
3
What is the thousands digit of 50592227?
2
What is the tens digit of 20439641?
4
What is the thousands digit of 2317472035?
2
What is the thousands digit of 266843276?
3
What is the hundred millions digit of 1044488717?
0
What is the hundred thousands digit of 98181378?
1
What is the thousands digit of 4549606?
9
What is the thousands digit of 93877794?
7
What is the hundred thousands digit of 335908573?
9
What is the units digit of 26064047?
7
What is the units digit of 6392861398?
8
What is the ten millions digit of 249679005?
4
What is the hundred millions digit of 115638048?
1
What is the units digit of 561125093?
3
What is the ten millions digit of 17462476?
1
What is the thousands digit of 67158722?
8
What is the hundred millions digit of 308470570?
3
What is the hundred thousands digit of 3347710123?
7
What is the thousands digit of 36820628?
0
What is the tens digit of 1496968197?
9
What is the ten millions digit of 220665667?
2
What is the hundreds digit of 5002490?
4
What is the millions digit of 40989552?
0
What is the hundred thousands digit of 4844111?
8
What is the hundred thousands digit of 398572159?
5
What is the ten thousands digit of 773801639?
0
What is the millions digit of 279238548?
9
What is the ten millions digit of 53443426?
5
What is the ten thousands digit of 3282580172?
8
What is the billions digit of 2319745495?
2
What is the ten thousands digit of 38221229?
2
What is the tens digit of 4533839?
3
What is the tens digit of 1152375927?
2
What is the hundreds digit of 567664772?
7
What is the millions digit of 50915995?
0
What is the millions digit of 3340951?
3
What is the ten thousands digit of 20172012?
7
What is the tens digit of 20429134?
3
What is the millions digit of 1340971595?
0
What is the millions digit of 239653588?
9
What is the hundred thousands digit of 169080327?
0
What is the millions digit of 4483969818?
3
What is the units digit of 226787170?
0
What is the units digit of 670154498?
8
What is the hundreds digit of 15638442?
4
What is the thousands digit of 331823995?
3
What is the ten millions digit of 270740259?
7
What is the hundred millions digit of 2946110212?
9
What is the millions digit of 20769160?
0
What is the hundreds digit of 292701683?
6
What is the thousands digit of 7374194533?
4
What is the millions digit of 47129977?
7
What is the hundred millions digit of 258246715?
2
What is the ten thousands digit of 44614914?
1
What is the tens digit of 617546874?
7
What is the thousands digit of 271023375?
3
What is the units digit of 299323839?
9
What is the tens digit of 383647641?
4
What is the tens digit of 1797657016?
1
What is the units digit of 205706073?
3
What is the hundreds digit of 95951687?
6
What is the millions digit of 583376502?
3
What is the hundred thousands digit of 3114376972?
3
What is the millions digit of 1295931180?
5
What is the millions digit of 2366387240?
6
What is the hundred millions digit of 159186821?
1
What is the units digit of 155371571?
1
What is the ten millions digit of 15623437?
1
What is the units digit of 1309524126?
6
What is the ten millions digit of 8175383913?
7
What is the millions digit of 58817431?
8
What is the hundred thousands digit of 861298549?
2
What is the thousands digit of 3952238768?
8
What is the millions digit of 50979957?
0
What is the hundreds digit of 171624730?
7
What is the billions digit of 1552385973?
1
What is the tens digit of 85748559?
5
What is the ten millions digit of 3447457765?
4
What is the ten millions digit of 141172042?
4
What is the hundreds digit of 32101419?
4
What is the ten thousands digit of 76289288?
8
What is the millions digit of 64100169?
4
What is the tens digit of 151224813?
1
What is the hundred millions digit of 271700509?
2
What is the tens digit of 41796673?
7
What is the ten millions digit of 230016892?
3
What is the hundred thousands digit of 95669497?
6
What is the thousands digit of 781529487?
9
What is the thousands digit of 392205966?
5
What is the ten millions digit of 239279813?
3
What is the hundred millions digit of 164680953?
1
What is the thousands digit of 106197699?
7
What is the hundred thousands digit of 1444594955?
5
What is the hundred thousands digit of 5377377119?
3
What is the hundred millions digit of 1454236514?
4
What is the tens digit of 635565283?
8
What is the tens digit of 392755382?
8
What is the millions digit of 290084622?
0
What is the ten millions digit of 131883836?
3
What is the hundred millions digit of 4060885001?
0
What is the millions digit of 127473043?
7
What is the billions digit of 4498511650?
4
What is the thousands digit of 1179898191?
8
What is the thousands digit of 202392263?
2
What is the hundred millions digit of 1530629157?
5
What is the units digit of 58307119?
9
What is the millions digit of 71621123?
1
What is the hundred thousands digit of 139931414?
9
What is the millions digit of 1202193494?
2
What is the units digit of 306606191?
1
What is the thousands digit of 61262454?
2
What is the thousands digit of 794384914?
4
What is the hundred thousands digit of 272544525?
5
What is the hundred millions digit of 124004161?
1
What is the hundred thousands digit of 7350231230?
2
What is the ten millions digit of 41398360?
4
What is the hundred thousands digit of 1829264465?
2
What is the ten millions digit of 102241240?
0
What is the hundred thousands digit of 590261419?
2
What is the hundred thousands digit of 431411584?
4
What is the hundreds digit of 884356605?
6
What is the hundreds digit of 272706082?
0
What is the billions digit of 8950372914?
8
What is the tens digit of 945722571?
7
What is the hundreds digit of 92812912?
9
What is the hundred millions digit of 2487110956?
4
What is the millions digit of 11372859?
1
What is the units digit of 46741516?
6
What is the millions digit of 37890435?
7
What is the hundred millions digit of 255270130?
2
What is the ten thousands digit of 105471680?
7
What is the hundreds digit of 38550440?
4
What is the units digit of 307765906?
6
What is the hundreds digit of 1688846046?
0
What is the units digit of 964771731?
1
What is the units digit of 28604106?
6
What is the ten thousands digit of 1304295857?
9
What is the hundreds digit of 2038980707?
7
What is the hundreds digit of 567872395?
3
What is the hundred thousands digit of 310277024?
2
What is the hundred thousands digit of 183420509?
4
What is the thousands digit of 196596523?
6
What is the tens digit of 191538934?
3
What is the units digit of 888739582?
2
What is the units digit of 1522111752?
2
What is the hundreds digit of 724300279?
2
What is the ten thousands digit of 26099390?
9
What is the units digit of 155708146?
6
What is the tens digit of 341862825?
2
What is the ten thousands digit of 53272087?
7
What is the hundreds digit of 143792307?
3
What is the millions digit of 103404954?
3
What is the hundred thousands digit of 4454564403?
5
What is the hundred thousands digit of 29518773?
5
What is the hundred thousands digit of 5548404280?
4
What is the units digit of 16691559?
9
What is the tens digit of 573722946?
4
What is the ten millions digit of 99645435?
9
What is the hundred thousands digit of 25739778?
7
What is the millions digit of 334572903?
4
What is the ten millions digit of 49233488?
4
What is the thousands digit of 18062860?
2
What is the millions digit of 1682936773?
2
What is the hundred thousands digit of 446982652?
9
What is the hundred thousands digit of 279563442?
5
What is the billions digit of